91 a prime number?
True
Is 953 prime?
True
Is 1403 prime?
False
Is 623107 prime?
True
Is 5987 composite?
False
Is 3223 prime?
False
Is 67157 a composite number?
False
Is 415231 prime?
True
Is 7142 prime?
False
Is 80897 composite?
False
Is 1005755 prime?
False
Is 1769719 prime?
False
Is 67121 prime?
True
Is 120997 a prime number?
True
Is 4757 composite?
True
Is 11149 a composite number?
False
Is 127757 prime?
False
Is 178021 composite?
False
Is 6667 a composite number?
True
Is 1489165 prime?
False
Is 2333 a composite number?
False
Is 49003 prime?
True
Is 1931 a prime number?
True
Is 5747 composite?
True
Is 5671 composite?
True
Is 13241 composite?
False
Is 17349 a prime number?
False
Is 357431 composite?
False
Is 28201 prime?
True
Is 48353 a prime number?
True
Is 86813 a composite number?
False
Is 38293 prime?
False
Is 214813 prime?
False
Is 2843 prime?
True
Is 18391 a prime number?
False
Is 10831 prime?
True
Is 413521 a composite number?
False
Is 52873 prime?
False
Is 5133907 composite?
False
Is 42899 prime?
True
Is 310169 composite?
False
Is 541 composite?
False
Is 176777 composite?
False
Is 9337 composite?
False
Is 69593 a composite number?
False
Is 18919 a composite number?
False
Is 55307 a composite number?
True
Is 631 prime?
True
Is 115 a composite number?
True
Is 82762 prime?
False
Is 244901 composite?
False
Is 103535 prime?
False
Is 74123 a prime number?
False
Is 36797 prime?
False
Is 6679 a prime number?
True
Is 32081 a composite number?
True
Is 7669 composite?
False
Is 69919 composite?
True
Is 364687 a composite number?
False
Is 866 a prime number?
False
Is 6067 a prime number?
True
Is 1614811 composite?
True
Is 27971 a composite number?
True
Is 19769 composite?
True
Is 279653 a composite number?
True
Is 86069 a composite number?
False
Is 46589 a composite number?
False
Is 96221 prime?
True
Is 1655 composite?
True
Is 202 prime?
False
Is 4703 prime?
True
Is 3137 prime?
True
Is 887 prime?
True
Is 85379 a composite number?
True
Is 84047 a composite number?
False
Is 36853 a composite number?
True
Is 313873 prime?
False
Is 180533 a prime number?
True
Is 482 composite?
True
Is 4717 prime?
False
Is 4063793 composite?
False
Is 392803 a composite number?
False
Is 3967 a prime number?
True
Is 457757 a composite number?
False
Is 21851 a composite number?
False
Is 830111 a prime number?
True
Is 748921 a prime number?
True
Is 3407 prime?
True
Is 30869 a prime number?
True
Is 411397 prime?
False
Is 29101 a prime number?
True
Is 21421 a composite number?
True
Is 6779 prime?
True
Is 1043 composite?
True
Is 929 a composite number?
False
Is 62459 a composite number?
False
Is 415 prime?
False
Is 18355 prime?
False
Is 3396553 a prime number?
False
Is 97987 prime?
True
Is 788603 composite?
False
Is 8222 a composite number?
True
Is 1823 a composite number?
False
Is 5623 a prime number?
True
Is 3107 composite?
True
Is 19291 composite?
True
Is 649765 a prime number?
False
Is 292063 prime?
False
Is 319 prime?
False
Is 291539 composite?
False
Is 5987 a composite number?
False
Is 854351 prime?
True
Is 8191 prime?
True
Is 1411 prime?
False
Is 380417 composite?
False
Is 104623 prime?
True
Is 1603 prime?
False
Is 59707 a prime number?
True
Is 8741 prime?
True
Is 715289 composite?
False
Is 46009 prime?
False
Is 2703707 a composite number?
False
Is 11729 composite?
True
Is 436591 prime?
True
Is 2957 a composite number?
False
Is 765707 a composite number?
False
Is 10415 a prime number?
False
Is 6469 a prime number?
True
Is 165065 a prime number?
False
Is 3847 a prime number?
True
Is 8327 composite?
True
Is 29083 prime?
False
Is 7499 a prime number?
True
Is 9328955 a prime number?
False
Is 11087 a composite number?
False
Is 681771 composite?
True
Is 363587 a composite number?
True
Is 1073311 a prime number?
True
Is 9239 a prime number?
True
Is 1368283 a prime number?
False
Is 38123 a prime number?
False
Is 11422 a prime number?
False
Is 491327 a composite number?
False
Is 6163 composite?
False
Is 70157 composite?
False
Is 79127 a composite number?
True
Is 261553 composite?
True
Is 1040063 prime?
False
Is 72577 composite?
False
Is 383953 prime?
False
Is 44246 composite?
True
Is 6353 a composite number?
False
Is 58937 a prime number?
True
Is 132811 composite?
True
Is 102605 a composite number?
True
Is 265861 a prime number?
True
Is 135301 prime?
True
Is 16723 prime?
False
Is 63179 a composite number?
False
Is 21745 composite?
True
Is 2411177 composite?
False
Is 1009 a prime number?
True
Is 2777 composite?
False
Is 2627021 a prime number?
True
Is 126829 a prime number?
False
Is 9029 a prime number?
True
Is 22019 a composite number?
True
Is 7247 a prime number?
True
Is 534041 a prime number?
False
Is 11113 composite?
False
Is 873293 a prime number?
True
Is 3569 prime?
False
Is 2041 prime?
False
Is 877 composite?
False
Is 1082 composite?
True
Is 118343 a composite number?
False
Is 44381 composite?
False
Is 2646167 composite?
False
Is 230543 a prime number?
False
Is 116799 a composite number?
True
Is 9031 composite?
True
Is 11283 a composite number?
True
Is 331 prime?
True
Is 573065 a composite number?
True
Is 15517 prime?
False
Is 25105 composite?
True
Is 3049 prime?
True
Is 22609 a prime number?
False
Is 18299 a composite number?
True
Is 2931 prime?
False
Is 221281 a composite number?
False
Is 10193 a prime number?
True
Is 428137 a prime number?
True
Is 859 composite?
False
Is 32869 a composite number?
False
Is 115541 prime?
False
Is 172847 prime?
False
Is 10327 a prime number?
False
Is 15877 a composite number?
False
Is 18437 a composite number?
True
Is 14969 composite?
False
Is 48109 a composite number?
False
Is 1037213 a prime number?
True
Is 13553 a prime number?
True
Is 4391 composite?
False
Is 155413 prime?
True
Is 12209 prime?
False
Is 73221 prime?
False
Is 111211 prime?
True
Is 30047 a composite number?
False
Is 45089 composite?
True
Is 741913 a prime number?
True
Is 14253 composite?
True
Is 22333 prime?
False
Is 49721 composite?
True
Is 25939 prime?
True
Is 11149 prime?
True
Is 10427 composite?
False
Is 39857 a prime number?
True
Is 1337 prime?
False
Is 1217 prime?
True
Is 36833 a composite number?
False
Is 246661 prime?
True
Is 661823 composite?
False
Is 494435 a prime number?
False
Is 1023337 a composite number?
True
Is 13441 composite?
False
Is 32449 a composite number?
True
Is 12667 composite?
True
Is 63541 composite?
False
Is 11477 a composite number?
True
Is 419687 a composite number?
False
Is 2219 prime?
False
Is 3293 composite?
True
Is 15853 composite?
True
Is 2434169 composite?
False
Is 1121 a composite number?
True
Is 491081 a prime number?
True
Is 533 a prime number?
False
Is 1519989 a composite number?
True
Is 58933 a prime number?
False
Is 210773 prime?
True
Is 15971 a prime number?
True
Is 195665 a prime number?
False
Is 6689 prime?
True
Is 14507 a prime number?
False
Is 8219 a prime number?
True
Is 260989 a composite number?
True
Is 197137 prime?
True
Is 284707 composite?
False
Is 92501 composite?
True
Is 15401 a prime number?
True
Is 61909 a composite number?
False
Is 19369 composite?
True
Is 659557 prime?
False
Is 310719 prime?
False
Is 8623 composite?
False
Is 9115 composite?
True
Is 1351199 a composite number?
False
Is 1708247 a composite number?
False
Is 3551 prime?
False
Is 73813 composite?
True
Is 8051 composite?
True
Is 58571 composite?
True
Is 889 a composite number?
True
Is 3818869 a prime number?
True
Is 54185 a prime number?
False
Is 2114135 a prime number?
False
Is 2249719 a composite number?
False
Is 380983 prime?
True
Is 106619 prime?
True
Is 37747 a composite number?
False
Is 52729 a prime number?
False
Is 42115 a composite number?
True
Is 32069 a prime number?
True
Is 284797 a prime number?
False
Is 46793 a prime number?
False
Is 51845 a prime number?
False
Is 781883 a composite number?
False
Is 648811 prime?
False
Is 269683 prime?
True
Is 37151 composite?
True
Is 43573 a prime number?
True
Is 1363 a composite number?
True
Is 161879 a composite number?
False
Is 45863 prime?
True
Is 641909 a composite number?
False
Is 69623 a composite number?
False
Is 330509 composite?
False
Is 54799 composite?
False
Is 5314 composite?
True
Is 23249 a prime number?
False
Is 162779 a prime number?
True
Is 13217 prime?
True
Is 1349501 a composite